- (8 + -3)?
8
What is (29 - (64 - 34)) + (1 - -6)?
6
What is -1 + (-5 - 3) + 10 + 1 + -6?
-4
Evaluate -4 + 13 + -15 + -1 - (4 + 2).
-13
28 - ((32 - 20) + 45)
-29
What is 0 - ((29 - 41) + 5 + 6)?
1
What is -1 + 1 + 7 + (19 - 16)?
10
-4 + (-4 - (5 - 5)) - (-5 + -1)
-2
Evaluate -14 + 20 + (3 - 7) + 2 - 2.
2
Calculate 1 + (30 - 64) + 13.
-20
What is the value of 6 + 16 + (8 - 11) - 4?
15
Calculate 9 - 2 - (-18 - (1 + -30)).
-4
Evaluate (23 - 31 - -12) + (-15 - 0).
-11
(-2 - -10 - 24 - -10) + 21
15
9 + (-7 - (14 - 0 - 13))
1
Calculate -13 - (-3 + -17) - 15.
-8
What is -11 - (-15 + 24 + (-5 - -7 - 8))?
-14
Calculate 4 - 25 - (-16 + 34 + -18 + 9).
-30
-16 + (-3 - (-1 - (8 + -1)))
-11
Evaluate 1 + 19 + (-296 - -267).
-9
Evaluate (23 - (-5 - (-5 + 0 + 6))) + -9.
20
What is 13 + 1 - (7 - (39 - 29)) - 0?
17
What is the value of -18 + (14 - (29 + -28))?
-5
Calculate (-15 - -7 - (-3 + -8)) + -7.
-4
-26 + (-9 - -32) + (1 - (0 + -7))
5
(5 - 1) + (-310 - -290)
-16
What is ((-15 - 2) + 29 - (3 - 0)) + -2?
7
Evaluate -16 + 1 - (1346 + -1376).
15
Evaluate (-14 - (-3 - 1)) + (57 - 52).
-5
What is the value of 2 + 2 - ((-9 - -15) + 0)?
-2
Evaluate (35 - 51 - -20) + -1 + 0 + 6.
9
3 + (9 - 0 - -1) + -7 + -5
1
Evaluate -6 - ((4 - -3) + -7 + (-1 - -4)).
-9
What is the value of 1 + 4 - 4 - (6 + 24)?
-29
Evaluate -2 - (2 + -4) - (29 - 14 - 14).
-1
What is 0 - -3 - (-912 + 925)?
-10
Evaluate -9 + -3 + 4 - ((2 - -19) + -29).
0
What is the value of 274 - 274 - (-4 + 1 + 1)?
2
What is (-9 + 2 + 13 - 5) + 0?
1
What is 13 - 9 - (-1 - (1 + -11 - -4))?
-1
What is the value of 0 - -9 - (0 - (-2 - -1))?
8
(-57 - (32 + -65)) + (6 - 1)
-19
What is the value of (-21 + 28 - 13) + -19?
-25
Evaluate 0 + 5 - (3 + -2) - (-570 + 564).
10
(-12 - -5 - -4 - (-1 - -9)) + -4
-15
Calculate -5 - 1 - (30 + -13 + -2 + -30).
9
Evaluate (5 - 1) + 1 - (-45 - -50).
0
What is -3 + -1 - (34 + (-66 - -17))?
11
What is the value of (99 - 87) + (-26 - 1) + 7?
-8
7 + 3 + -16 + 16 + (-2 - 0)
8
What is (-6 - (13 - 20)) + (-24 - 4)?
-27
What is 5 + 1 + 0 + 1 + -1101 + 1102?
8
What is the value of -3 + 2 + -6 - (-79 - -66)?
6
Calculate 9 + (-1 - (5 - ((0 - 6) + 34))).
31
What is the value of 5 + 12 + -3 + -13?
1
Evaluate 16 + -22 + (3 + 7 - -3) + 13.
20
Calculate 25 + (46 - 33 - 13).
25
What is -1 + -16 + (11 + -10 + 8 - 7)?
-15
Calculate (-8 - (-24 - (4 - 17))) + -21.
-18
Calculate (0 - (33 - 16)) + 26 + 0 + -3.
6
Evaluate (10 - 18 - -19 - 8) + (2 - 5).
0
1 + -6 + (12 - -23) + -20
10
What is the value of 4 + -7 + -4 - (-2 - (-31 + 34))?
-2
Evaluate -7 + ((1 - (8 + 2)) + 3 - -9).
-4
Calculate (5 + -5 - -7) + 0 - 0.
7
What is the value of -10 - (-13 - -2 - 2)?
3
What is -6 + (-7 - -3 - -1) - 1?
-10
What is -33 - (0 + -11 - 2)?
-20
Evaluate (-13 - ((-14 - -4) + 2)) + -7.
-12
What is the value of (-54 - -67) + (0 - 3)?
10
Calculate 3 + 14 + -34 - -7.
-10
What is (-46 - -29) + 2 + -1?
-16
79 + -118 - (-20 - -2)
-21
Calculate -3 - (15 + -53 + 20).
15
What is (-6 - (-12 + 13)) + 1 + 5?
-1
What is the value of -19 - (-8 + (-12 - -7))?
-6
Calculate 1 + (-11 - -5 - -8) - (7 - 2).
-2
-9 - (0 + (-12 + 8 + -3 - 20))
18
What is the value of (-6 - 14) + 28 + -14?
-6
Calculate (4 - -2) + (-6 - ((-3 - 5) + 19)).
-11
5 + (-3 - -3 - -12)
17
What is 4 - (-9 + 31 + -16)?
-2
-4 + ((0 - 6) + 6 - 4)
-8
Evaluate -18 + (-12 - -24) - -5.
-1
Evaluate (-49 - -22) + 22 + 18 + (1 - 4).
10
What is 10 + -24 + 2 + 5?
-7
3 + -14 + 10 - -12
11
-4 - 12 - ((2 - 3) + 3 - -2)
-20
What is -2 + (0 - -3) + -44 + 44?
1
What is the value of (-21 - -27) + -3 + 2 - (-5 + -1)?
11
-1 + 5 - (-3 + 10) - (-8 - 0)
5
What is the value of 11 + -7 + 0 + 6 - 4 - 7?
-1
Evaluate 14 + -7 + (-3 - -28) + -9.
23
Calculate 11 - (-16 - (-18 - -3)).
12
Evaluate -14 + (9 - -1) - (1 + 0) - -3.
-2
Calculate -5 + -4 + 9 + -1 - (-5 - 1).
5
What is 5 - (-26 - (9 + (4 - (-4 - -23))))?
25
Calculate -4 + -5 - (-61 - -40).
12
-3 - (1 + 0 + -17 - 1)
14
What is the value of (-15 - 1) + (13 - -20)?
17
Calculate -72 - (-27 + -60) - (-19 + -1).
35
25 - (28 - 15) - -1
13
Calculate 2 + (1 - -6) - (23 - 9).
-5
What is the value of 11 - (1 - 8 - -9)?
9
-5 + (3 - -3) + -10
-9
Evaluate 15 - (-12 + 20) - 14.
-7
Calculate (-7 - (0 + -22)) + -10.
5
Calculate (0 - -12) + (56 - (121 + -57)).
4
What is the value of -7 - (6 - ((0 - -30) + -6 + 0))?
11
Calculate -1478 + 1476 - (1 + 6).
-9
What is -7 - (4 - 2 - -1) - (619 - 638)?
9
6 + -6 + (0 - 2) + 32 + -27
3
Calculate -5 + (-3 - 0) + 4 + 6.
2
Evaluate 5 + (1 - 6 - (2 + 13)).
-15
(-9 - (14 - 24)) + -8
-7
What is 6 + (-11 - -13) + 3 + -2 + 2?
11
(-1 - (-14 + 4)) + -13 - 18
-22
Evaluate 6 - (-2 + (1 - (0 - 9))).
-2
What is (79 - 97 - (-19 - 0)) + -19?
-18
What is the value of 4 - (-12 + 7 + 8 + -3)?
4
Evaluate 4 + (0 - (-3 - -9 - (2 + 4))).
4
Calculate 10 + ((2 - (12 + 1)) + 10 - -9).
18
What is the value of -5 + 6 + (-3 - (3 + (3 - 2)))?
-6
(-8 - (-2 - -1 - (27 + -22))) + 8
6
What is the value of -3 + 5 - 14 - (-4 - 16 - -12)?
-4
What is -6 + -1 + (4 + -15 - (3 - 7))?
-14
Evaluate (51 - 49) + (28 - 4) - (-6 + 2).
30
What is the value of (24 + -15 - (1 + 10)) + (0 - -16)?
14
-5 + -6 + 2 + 4 - -2
-3
Calculate -1 - (-7 - (5 + (6 - (-6 - -28)))).
-5
What is the value of 29 + (-19 - (-5 + -4)) + -9 + -10?
0
-83 + 80 + (3 + 2 + -8 - 1)
-7
6 - (11 - (16 + (-6 - 2))) - 23
-20
What is 6 + (25 - 15) + -25?
-9
10 + (-13 - -22) + -2 + 0
17
0 + 11 - (-21 - (-15 - 2))
15
Evaluate 36 + (5 - (8 + (13 - 3))).
23
Calculate -6 - (-1 + 2 + 0 - (20 + -22)).
-9
-41 - (-6 + (0 - -4) + 9 + -19)
-29
What is the value of 2 - (6 + -3 + 1) - (93 + -87)?
-8
What is the value of 3 + (13 - 4 - -1)?
13
What is the value of 8 + ((8 - -2) + -28 - (-11 + 2))?
-1
Evaluate (78 - 90) + -1 + 16 - -9.
12
8 + 15 + -11 + (-1 - (-2 - 2))
15
What is (20 - 19) + -15 + 11?
-3
52 + -16 - 43 - (-20 - 0)
13
Calculate -33 + (-4 - (-31 + (1 - -7))).
-14
What is the value of (-15 - (0 - 1)) + (9 - (26 + -11))?
-20
What is 16 + (10 - (18 + -1))?
9
Calculate -6 - ((-12 + 3 - (-25 + 21)) + -3).
2
15 - (-4 - -6) - ((0 - -1) + 6)
6
What is (2 - -1) + (-4 - (9 - 8 - 7))?
5
1 + 13 - (764 + -757)
7
Evaluate -14 + 19 + -3 + 10 + 1.
13
(11 + -1 - 0) + (34 - -21 - 67)
-2
Calculate 24 - (55 + -12 + -20).
1
What is -3 + -2 + -1 - (-1 - (-2 + -11))?
-18
Evaluate -2 - ((14 - (50 + -18)) + 16).
0
11 + (5 - 25) + 4
-5
Evaluate -16 - (14 + -13 - 15).
-2
What is 7 - 0 - (19 + -7 + 1)?
-6
Evaluate (5 - ((11 - 4) + -9 + 12)) + 2.
-3
(1 + -54 - -61) + -1 + -4
3
-18 + -25 + (25 - -3)
-15
Calculate -39 + 45 + (-26 - (-3 - -4) - -3).
-18
Calculate -43 - -54 - (-16 + -2 + -5 + 10).
24
Evaluate 15 + -5 - (60 - 52).
2
(30 - 53) + 9 - (4 - -1)
-19
What is the value of (14 - (-2 + 9 + -3)) + -16?
-6
1 + 26 + (-5 - (-2 - -6))
18
Calculate (9 - 3) + (-13 - (-1 - 9)) + 2.
5
What is -71 + 36 + (35 - 35)?
-35
What is 2 - ((0 - (9 - 3)) + -4)?
12
-9 + (-14 - -27) + (1 - 11)
-6
Evaluate (-12 - 7) + 10 - -10.
1
What is the value of -4 + -16 + -9 + 3?
-26
What is 11 + -1 + (23 - 8) + -29?
-4
Evaluate 12 + (4 - (-2 + 4)) + -14.
0
What is the value of 15 - (-4 + 3 + -11) - 4?
23
What is 1 + 37 + (-63 - (-25 - 25))?
25
Evaluate (-27 - 4) + -11 + 23.
-19
17 + -1 + 153 + -126 - 13
30
Evaluate -15 + -28 + 15 + 9.
-19
(-13 - (15 + -30)) + -1
1
What is 2 + 0 - (8 - (27 - 20))?
1
What is -15 - (-7 + 0 + -15) - (0 + -14)?
21
Evaluate (0 - (13 - 6)) + (9 - (-3 - -4)).
1
What is the value of 4 + -1 - 4 - (23 + 11 + -34)?
-1
What is -10 - -1 - (190 - 179)?
-20
Calculate 23 - 3 - (1 + (8 - -2)).
9
-12 - (-4 + (-3 - -5) + 4)
-14
Calculate -58 + 68 + 5 + 2.
17
What is the value of 3 + -2 + -9 + (-2 - 2)?
-12
Calculate 2 - ((-5 - -1) + 5) - (16 + -10).
-5
Evaluate -3 + -4 - 1 - (-14 + (-14 - -6)).
14
(-4 + 7 - -2) + 13 + -11 + -6
1
-15 + -33 + 18 + 21
-9
-10 - (-12 - (-7 + 0))
-5
10 + 5 + -13 - 7
-5
(1 - 2) + -5 - (-12 - (-5 + -16))
-15
Evaluate (34 - 25) + -9 + 1.
1
Evaluate -3 + (11 - (20 - (-5 - -6))).
-11
0 + -5 + 1 - (-17 + 4)
9
What is the value of (8 - 25) + (8 + -8 - -9) + -19?
-27
What is (-120 + 117 - (0 + 20)) + 0?
-23
What is 5 - -18 - (-48 + 55)?
16
What is 10 + -27 - (-3 + 9 + -8)?
-15
What is 0 + 13 - -3 - 12?
4
1 + -8 - (21 - 16) - -7
-5
What is -11 + (26 - 12) + 2?
5
What is the value of 16 - (-5 - (-2 - 10)) - 8?
1
What is -12 - -3 - (-